of j and 204.
4
Suppose 6945 = -2*s + 8463. Calculate the greatest common divisor of s and 2553.
69
Suppose -5*k - 5*t + 65 = -0*k, k + 3*t = 21. Suppose 0 = -k*a + 3*a + 306. Let m = a - 7. Calculate the greatest common factor of 132 and m.
44
Let x(o) = 3*o**2 - 7*o + 79. Let k(y) = -5*y**2 + 13*y - 154. Let v(r) = -6*k(r) - 11*x(r). Let b be v(0). Calculate the highest common factor of 15 and b.
5
Let q be 64 + -2 + (-8 - -6). Suppose 2*s - q = -s. Let t be (0 + 6/4)/(15/s). Calculate the greatest common factor of t and 8.
2
Let d be -4*(-35)/10 + 3. Let y be d - (-4 + 6 + -7). What is the highest common divisor of y and 418?
22
Let s(v) = 19*v**2 + 380*v - 9. Let x be s(-21). Calculate the highest common divisor of 156 and x.
78
Let o(a) = -4*a**3 - 4*a - 4. Let y be o(-1). Let l be 4/(-16) + 37/y. Calculate the highest common divisor of l and 27.
9
Let l be 116*55/(-66)*(-3)/10. Let r be l + 0*5/(-10). What is the greatest common factor of r and 145?
29
Let f be 9*(-5)/15*-24. Suppose 0 = 2*l - 5*m - 35, 3*m - 2*m = 2*l - 23. Suppose -n = -l*n + f. What is the highest common factor of n and 36?
4
Suppose 857 = 5*c - 4*q - 452, q + 784 = 3*c. Let p = c - -187. Calculate the highest common divisor of 128 and p.
64
Let t(u) = -2*u**2 + 67*u + 307. Let o be t(-4). Suppose -5*x - 619 = -3*q, 4*x + 0 = -8. What is the highest common factor of o and q?
7
Suppose r = -4*b + 6, -5*b + b + 2*r + 12 = 0. Suppose -b*q = 4*u - 14, -9*u + 4*u + 24 = 3*q. What is the greatest common divisor of 351 and q?
13
Let t = -13059 - -13080. Suppose -1314 = -4*h + 954. Calculate the greatest common divisor of h and t.
21
Let n be 85 + (2 - (2 + 0)). Let r(p) = p**3 - 11*p**2 - 15*p + 53. Let b be r(12). What is the highest common factor of n and b?
17
Let a be (6 - (-2 - -9))*(-3 + 5). Let d(z) = -67*z - 12. Let j be d(a). What is the greatest common divisor of j and 427?
61
Suppose 2*g = 2*z - 6, -2*z + 0 = g + 3. Suppose -3*l + c = 284, -2*l + 0*c + 5*c - 185 = z. Let b = 99 + l. Calculate the greatest common factor of b and 16.
4
Suppose 5*a = 4*a + 833. Suppose 0 = -2*o + a + 83. Suppose 5*b + o + 502 = 4*s, 3*b - 480 = -2*s. What is the highest common factor of s and 30?
30
Suppose -6*k + 42 = -48. Let p(u) = -u**3 + 15*u**2 + 4*u + 15. Let i be p(k). Suppose 2*j - 1 = i. Calculate the highest common factor of j and 95.
19
Suppose -5*s + 4*s + 6 = i, 0 = 2*s - 5*i + 23. Let p be 3*(-25)/((-1875)/475). What is the highest common factor of s and p?
1
Let k be 3/4 + (314874/72 - -20). Calculate the highest common divisor of 2704 and k.
338
Let s(r) = 17*r**2 - 70*r + 1528. Let d be s(18). Calculate the greatest common divisor of 608 and d.
304
Suppose -12 = -2*m + 50. Let x = m - -13. What is the highest common factor of x and 143?
11
Let i = 9940 - 9925. What is the greatest common factor of 159 and i?
3
Let u = -4236 - -4353. Calculate the highest common divisor of 1066 and u.
13
Let z(m) = -m**3 + 18*m**2 + 23*m - 22. Let c = 208 - 189. Let p be z(c). Calculate the highest common divisor of 18 and p.
18
Suppose 19 - 29 = -5*k. Suppose 0 = -t + 4*t - k*m - 1378, -3*t - m + 1381 = 0. Calculate the greatest common divisor of t and 20.
20
Let g = 380 + -263. Suppose -2*q = 3*a - 2380, 58*a - 5*q - 782 = 57*a. Let k = 805 - a. What is the greatest common divisor of k and g?
13
Suppose y + 2*y = 1056. Let g = -320 - -721. Let i = 433 - g. Calculate the greatest common divisor of y and i.
32
Let m be ((-113274)/1305)/(2/(-5) + 0) + -5. Calculate the greatest common factor of 954 and m.
106
Suppose a + 27000 = 2*z, -39*z - a + 67521 = -34*z. Calculate the highest common factor of z and 21.
21
Let c = 4782 - 3117. What is the highest common divisor of 180 and c?
45
Let l be (-1267)/(-49) + 24/21. What is the highest common factor of 4212 and l?
27
Let a(f) = 9*f**2 - 12*f + 1. Let j(g) = 5*g**2 - 6*g + 1. Let t(c) = -6*a(c) + 11*j(c). Let z be t(-11). Calculate the greatest common divisor of 5 and z.
5
Let z(q) = -q**2 + 24*q + 10. Let a(g) = 2*g**2 + 28*g - 18. Let w be a(-15). Let i be z(w). Calculate the highest common divisor of 22 and i.
22
Let o(t) = 9*t**2 + 5*t - 4. Let y be o(-4). Let w(d) = 4*d - 31 + 8 + 11. Let b be w(9). What is the greatest common divisor of b and y?
24
Let g = 2630 + -2620. Let v(l) = -l**2 + 7*l + 11. Let d be v(8). Let z be -3*(0 + (-40)/d). What is the highest common factor of g and z?
10
Suppose -4*f + 272 = 3*i, 496*f - 493*f - 3*i - 183 = 0. What is the highest common factor of 2195 and f?
5
Let x be 114/9 + ((-84)/(-18))/(-7). Let n = 11 + x. Calculate the greatest common factor of n and 46.
23
Let k(r) = 7*r - 13. Let u = 25 + -15. Let b be k(u). Suppose 0 = -3*a - 42 + b. Calculate the highest common factor of 40 and a.
5
Let v = 1520 + -1138. Calculate the highest common divisor of 2 and v.
2
Let n be 2392 - 1/(-5)*(-25)/15*-6. Calculate the highest common factor of 210 and n.
42
Let c(r) = 2*r**2 + 37*r - 224. Let u be c(6). Suppose 0 = 3*j + 4*o + 14 - 6, -15 = -5*j - o. What is the highest common factor of u and j?
2
Let c be 1758 + (45/9 - 15). What is the greatest common divisor of c and 46?
46
Suppose -7*y + 5*y = -18. Suppose 13*h - 84 = y*h. Let q be 5/1 - 0 - (26 - 28). Calculate the greatest common factor of q and h.
7
Let o = -39 - -43. Suppose 5*d - 5*v - 40 = 0, -4*d + o*v = 5*v - 12. Suppose 3 = -7*n + 4*n - 4*g, d*g + 9 = -n. What is the greatest common factor of 9 and n?
3
Suppose 14*h + 937 = f + 16*h, 942 = f + 3*h. What is the greatest common divisor of f and 9?
9
Let c(z) be the first derivative of z**2/2 - 5*z + 55. Let v be c(9). Calculate the greatest common factor of v and 33.
1
Let n = 223 + -47. Calculate the greatest common factor of 4136 and n.
88
Suppose -2*z + 54 = -5*x - 27, -5*z + 115 = 5*x. Let j = -5 + 5. Suppose j = -d + 104 + 36. What is the highest common divisor of d and z?
28
Suppose -4*t + 5*a + 107 = 0, a + 4*a = 25. Suppose -o + 4*o + b - 6 = 0, -3*o + b = -12. What is the greatest common divisor of t and o?
3
Let z be (0 + 1020)/(25*22/550). Calculate the greatest common factor of 105 and z.
15
Suppose 1194 = 3*i - 2256. Suppose -9*t + i - 259 = 0. Let f(q) = -q**3 + q**2 + q + 11. Let j be f(0). Calculate the highest common factor of j and t.
11
Let f = -11 - -18. Let v(c) = 20*c - 10. Let u be v(f). Let k = -2102 + 2154. Calculate the greatest common divisor of u and k.
26
Suppose 6*p = 4*p + 22. Suppose 0 = 2*w - 5*j + 56 - 180, 0 = j. Suppose -t + 2*y + w + 67 = 0, 480 = 4*t + y. Calculate the highest common factor of t and p.
11
Suppose -5*j + 10*j + 375 = 0. Let g = j - -105. Let l be 2/((-32)/(-24) - 1). What is the greatest common divisor of l and g?
6
Let a(c) = -c**2 - 12*c - 17. Let x = 132 - 142. Let g be a(x). Suppose 5*w - 128 = -g*n, -5*w = n - 13 - 123. What is the greatest common factor of w and 21?
7
Let c be (-10 - -10)/(0 + 2). Suppose -9*s + 2*s + 21 = c. Suppose 0 = 5*q - 5*h - 63 - 17, -s = 2*q + 5*h. What is the greatest common divisor of q and 209?
11
Let h = -191 + 88. Let g = -394 + 201. Let i = h - g. What is the greatest common divisor of i and 10?
10
Let u(b) = -115*b - 1577. Let v be u(-14). Calculate the greatest common factor of 5302 and v.
11
Let q = -15982 - -18153. Calculate the highest common factor of q and 2338.
167
Let q = 309 + 19. Suppose -332*i + q*i + 180 = 0. What is the highest common factor of 720 and i?
45
Suppose -2*u = h + 4*h - 765, 2*h = -5*u + 1881. Let z = u - 373. What is the highest common divisor of z and 14?
2
Let b be 12/(-2) - -14 - 6. Let c = 48 - 48. Suppose -5*s + 5*a + 130 = c, b*s + 3*a + 30 = 3*s. What is the greatest common divisor of 24 and s?
24
Let v(r) = r**3 + 27*r**2 + 89*r + 1002. Let x be v(-25). What is the greatest common divisor of x and 159?
3
Let d(q) = q**3 + 4*q**2 - 22*q + 29. Let p be d(7). What is the greatest common divisor of p and 184?
46
Suppose 80*s = 246*s - 6527 - 24847. What is the highest common divisor of s and 609?
21
Let k = -7004 - -7084. What is the highest common divisor of 920 and k?
40
Suppose 5*s - 12 + 2 = -3*p, -35 = -2*s + 5*p. Suppose 4*d = 4, -s*z + 3*d - 2*d = -1279. What is the greatest common divisor of z and 16?
16
Let r(x) = 9*x**2 - 220*x + 2812. Let s be r(12). Calc